x(u) = -u**3 - 104*u**2 + 1016*u + 14. Calculate x(9).
5
Let u(g) = 5*g**3 - 207*g**2 + 79*g + 212. Determine u(41).
89
Let h(q) = 220*q**2 - 2450*q + 335. Give h(11).
5
Let g(c) = -163*c + 2609. Determine g(17).
-162
Let g(h) = 12*h**3 + 2*h**2 - 11*h - 35. Determine g(-2).
-101
Let h(q) = q**3 - 24*q**2 - 209*q - 1219. Give h(32).
285
Let y(j) = -j**3 - 806*j**2 + 5715*j + 19524. Give y(-813).
12
Let f(r) = r**3 - 42*r**2 + 1650*r - 56432. Give f(38).
492
Let a(w) = -4*w**3 - 601*w**2 - 829*w - 12545. Calculate a(-149).
-29
Let w(b) = -3*b**2 - 425*b - 14803. Determine w(-80).
-3
Let z(g) = -5*g**2 + 935*g - 10459. Calculate z(12).
41
Let l(p) = 5*p**2 - 113*p + 41. What is l(17)?
-435
Let i(j) = -j**2 - 1040*j - 243. Give i(0).
-243
Let d(c) = -c**3 + 11*c**2 + 119*c + 272. Calculate d(-4).
36
Let r(i) = -2*i**3 + 255*i**2 - 636*i + 1390. What is r(125)?
15
Let v(g) = 3*g**2 - 1150300*g + 2300594. Determine v(2).
6
Let f(r) = -796*r + 19089. Determine f(24).
-15
Let d(v) = -54406*v - 271799. Determine d(-5).
231
Let h(l) = l**3 - 3*l**2 - 1986*l + 15568. Determine h(8).
0
Let b(s) = -s**3 + 38*s**2 + 17*s - 930. Calculate b(38).
-284
Let d(w) = -65*w**3 - 584*w**2 + 72*w + 477. Give d(-9).
-90
Let m(s) = -133*s - 801. Determine m(-8).
263
Let k(a) = 5*a**3 + a**2 - 32*a + 111. Give k(5).
601
Let h(v) = -4*v**3 + 100*v**2 + 891*v - 16. Determine h(-7).
19
Let w(h) = 24*h**2 - 7396*h + 7395. What is w(1)?
23
Let z(q) = -7*q**2 + 71*q + 920. Determine z(-10).
-490
Let b(n) = 1152*n + 164723. What is b(-143)?
-13
Let z(d) = -71*d**2 - 375*d - 507. Determine z(-3).
-21
Let b(u) = -7*u**2 + 235*u + 174. Calculate b(0).
174
Let z(v) = -73*v + 3190. Give z(41).
197
Let a(t) = -7*t**3 - 24*t**2 + 195*t + 750. Calculate a(-4).
34
Let g(r) = -1874*r + 35554. Determine g(19).
-52
Let a(x) = -173*x - 1888. Give a(-11).
15
Let d(v) = -288*v + 414. What is d(1)?
126
Let o(b) = -60*b**2 - 619*b + 257. Calculate o(-11).
-194
Let o(b) = -b**3 - 12*b**2 + 282*b + 71. Give o(6).
1115
Let x(h) = -23*h + 319. Calculate x(39).
-578
Let b(g) = 1193*g - 611795. Calculate b(513).
214
Let h(q) = -155*q**2 - 671*q - 510. Give h(-5).
-1030
Let h(j) = j**3 - 112*j**2 + 2860*j - 70. Give h(74).
3482
Let k(q) = 314*q + 7221. Give k(-23).
-1
Let u(q) = -q**3 - 227*q**2 - 1116*q - 636. What is u(-222)?
696
Let u(d) = -6*d**2 - 976*d - 11406. What is u(-150)?
-6
Let n(j) = -9*j**3 - 991*j**2 + 891*j + 303. Determine n(-111).
-30
Let w(g) = 709421*g - 55334838. Determine w(78).
0
Let l(s) = -s**2 - 742*s - 21358. Determine l(-712).
2
Let r(m) = -10883*m - 32683. What is r(-3)?
-34
Let m(a) = a**2 - 361*a - 12668. Give m(-32).
-92
Let h(l) = 2*l**2 - 2320*l - 13997. Give h(-6).
-5
Let h(i) = 38586*i - 1504822. Calculate h(39).
32
Let m(w) = -362*w + 99582. Determine m(269).
2204
Let l(v) = -47*v + 1624. Calculate l(70).
-1666
Let b(n) = -2954*n - 413388. What is b(-140)?
172
Let r(u) = -13278*u - 106150. Give r(-8).
74
Let d(m) = -m**2 - 16*m + 50646. Determine d(217).
85
Let v(t) = -806*t + 44340. Determine v(55).
10
Let q(r) = 7*r**2 - 4415*r - 459736. Determine q(-91).
-4
Let p(o) = 13447*o - 1008579. Give p(75).
-54
Let a(w) = -131048*w - 655245. What is a(-5)?
-5
Let d(v) = v**2 + 443*v + 23620. Give d(-62).
-2
Let n(g) = -g**3 + 77*g**2 - 44*g + 91. Determine n(0).
91
Let x(k) = 16*k**2 + 1213*k - 5375. Give x(-80).
-15
Let d(f) = -2*f**2 + 2456*f - 41171. What is d(17)?
3
Let q(z) = -z**3 - 35*z**2 + 25*z + 807. Determine q(-35).
-68
Let o(t) = -39*t**3 - 717*t**2 - 273*t - 49. What is o(-18)?
5
Let d(k) = 3*k**3 - 17*k**2 - 23*k - 18. Determine d(8).
246
Let i(n) = 285*n - 9687. Determine i(34).
3
Let b(k) = -k**3 - 81*k**2 - 139*k + 1024. Calculate b(-79).
-477
Let g(i) = -i**2 + 138*i - 2070. Calculate g(26).
842
Let p(a) = 76401*a + 3972830. Calculate p(-52).
-22
Let a(c) = 2*c**2 - 25676*c + 2370581. What is a(93)?
11
Let j(w) = -w**2 - 148*w + 1463. What is j(9)?
50
Let y(a) = 2*a**2 - 508*a - 229852. Give y(489).
-22
Let l(z) = -z**3 - 1609*z**2 - 6458*z - 60996. What is l(-1605)?
-6
Let r(f) = -f**3 + 135*f**2 + 85*f + 6661. What is r(136)?
-275
Let d(t) = -t**2 - 114*t + 1484. What is d(32)?
-3188
Let w(b) = 2*b**3 + 53*b**2 - 246*b + 107. What is w(-31)?
-916
Let w(k) = -k**2 + 636*k + 22083. Give w(-33).
6
Let k(y) = -21*y**2 - 485*y - 126. Determine k(-23).
-80
Let z(d) = d**2 + 30*d - 22. Give z(19).
909
Let d(z) = z**2 - 160953*z - 1609583. Give d(-10).
47
Let m(o) = -17*o**2 - 1155*o - 12341. Determine m(-55).
-241
Let f(l) = 2*l**3 + 537*l**2 - 1867*l + 10079. Calculate f(-272).
15
Let d(i) = i**3 + 288*i**2 + 7523*i + 3063. Give d(-259).
-45
Let u(d) = 538043*d - 3766304. Calculate u(7).
-3
Let y(n) = -n**3 - 58*n**2 - 383*n - 1328. What is y(-51)?
-2
Let z(u) = 6*u**2 - 484*u - 176. Calculate z(76).
-2304
Let s(v) = -2*v**3 - 828*v**2 - 700*v + 52055. Give s(-413).
17
Let r(u) = -38475*u + 192150. What is r(5)?
-225
Let p(z) = 6505*z - 767593. Determine p(118).
-3
Let y(p) = -1225*p + 6876. Give y(6).
-474
Let l(z) = 3064*z - 232858. Calculate l(76).
6
Let c(x) = -9*x**2 - 618*x + 4394. What is c(7)?
-373
Let f(v) = -v**2 + 147*v + 5598. Give f(-35).
-772
Let t(z) = -13*z**2 - 140*z - 258. What is t(-3)?
45
Let b(d) = d**2 - 236*d - 30732. Give b(329).
-135
Let o(l) = -59013*l - 177041. Give o(-3).
-2
Let w(i) = -28*i**2 - 2824*i + 513. Give w(-101).
109
Let x(k) = -45424*k**2 + 317962*k + 24. Determine x(7).
-18
Let w(d) = -128653*d - 643211. Calculate w(-5).
54
Let d(f) = 411809*f + 3294481. Calculate d(-8).
9
Let a(m) = 22*m - 2005. What is a(101)?
217
Let o(u) = 418*u - 5515. Calculate o(14).
337
Let b(u) = -6117*u + 30658. Give b(5).
73
Let h(m) = 85547*m + 46109832. Determine h(-539).
-1
Let x(z) = z**3 - 201*z**2 - 2214*z - 1034. What is x(-10)?
6
Let y(o) = 2840*o + 22721. What is y(-8)?
1
Let x(d) = -127*d**2 + 954*d - 1906. Give x(2).
-506
Let r(n) = -740*n**3 + 2409*n**2 - 2412*n + 2. What is r(1)?
-741
Let p(w) = -71224*w + 854755. Calculate p(12).
67
Let n(o) = -o**3 - 219*o**2 - 8486*o - 26513. Give n(-170).
7
Let v(a) = 279*a**2 + 1074*a - 201. Determine v(-4).
-33
Let c(f) = 77*f**2 + 378*f - 1476. Give c(4).
1268
Let a(z) = z**3 - 306*z**2 - 3533*z + 14574. What is a(317)?
-8
Let l(k) = -2*k**2 + 56*k + 1771. Calculate l(-23).
-575
Let p(b) = 45*b**3 + b**2 + 34231*b - 34232. What is p(1)?
45
Let c(u) = -17*u**2 - 3451*u - 41996. Give c(-13).
-6
Let w(n) = 158679*n - 952117. Determine w(6).
-43
Let p(b) = 267*b**2 + 748*b + 2975. Calculate p(-4).
4255
Let f(t) = 8*t**3 + 415*t**2 - 57*t - 211. Determine f(-52).
49
Let g(a) = a**3 + 177*a**2 + 213*a + 69603. What is g(-178)?
5
Let b(u) = -293*u - 4301. What is b(-15)?
94
Let n(s) = -5899*s - 460127. Calculate n(-78).
-5
Let x(w) = -w**3 + 7*w**2 - 25*w - 94. Calculate x(0).
-94
Let b(i) = 177*i + 7636. Determine b(-44).
-152
Let l(h) = -21*h**2 + 134*h - 647. Determine l(5).
-502
Let u(p) = -p**3 + 38*p**2 + 2146*p - 78786. Calculate u(35).
-1
Let r(x) = 650*x - 6794. Calculate r(9).
-944
Let m(f) = -12946*f + 206868. What is m(16)?
-268
Let v(i) = 2*i**2 - 182*i + 1873. Determine v(12).
-23
Let u(n) = 2*n**3 - 11*n**2 - 831*n + 4. Give u(0).
4
Let k(z) = -z**3 - 5*z**2 + 65*z - 237. Determine k(6).
-243
Let i(m) = m**3 + 107*m**2 + 640*m + 3472. What is i(-101)?
38
Let z(m) = 3*m**2 - 835*m + 51511. Determine z(186).
-11
Let z(v) = -v**2 + 6721*v + 94242. Calculate z(-14).
-48
Let r(y) = 122856*y - 122898. Determine r(1).
-42
Let w(j) = -2011*j - 16226. Give w(-8).
-138
Let s(y) = -4423*y + 31042. Calculate s(7).
81
Let y(w) = 92676*w + 1112113. Determine y(-12).
1
Let c(t) = -188278*t - 564852. Give c(-3).
-18
Let u(q) = -532*q + 17297. Determine u(33).
-259
Let f(z) = 3*z + 1449. What is f(16)?
1497
Let p(u) = -5157*u + 50015. Calculate p(10).
-1555
Let m(t) = -t**3 - 484*t**2 + 6003*t - 17789. Calculate m(5).
1
Let x(p) = p**3 - 17*p**2 - 18*p - 25. What is x(13)?
-935
Let i(x) = -9266*x + 7681522. Calculate i(829).
8
Let j(d) = -96*d**3 + 13*d**2 + 9*d - 19. Give j(-1).
81
Let y(k) = -504*k + 776. Give y(1).
272
Let l(u) = 4*u**2 - 9190*u - 194759. Calculate l(-21).
-5
Let i(c) = -6016*c - 511315. Determine i(-85).
45
Let t(s) = 579*s**2 - 8671*s - 217. Calculate t(15).
-7
Let